82 a multiple of 71?
False
Is 62822729 a multiple of 971?
True
Does 563 divide 776826973?
False
Does 49 divide 170854964?
True
Does 89 divide 708682881?
True
Is 546 a factor of 643611696?
True
Is 361 a factor of 1235703?
True
Is 9 a factor of 10270874?
False
Is 2414957088 a multiple of 548?
True
Does 153 divide 8098381?
False
Is 24 a factor of 549238125?
False
Does 154 divide 2852974570?
False
Is 2813140518 a multiple of 1977?
True
Does 5 divide 24572395?
True
Is 41441365 a multiple of 115?
False
Is 45582365 a multiple of 576?
False
Does 14 divide 13901804?
True
Is 2553407031 a multiple of 161?
True
Is 1849 a factor of 190243610?
True
Is 22 a factor of 185976614?
False
Is 9 a factor of 37957473?
True
Does 47 divide 59129302?
False
Does 228 divide 221420604?
True
Does 27 divide 35152542?
True
Is 3920640 a multiple of 256?
True
Is 923 a factor of 456216009?
False
Is 727743684 a multiple of 9?
False
Does 621 divide 18241366?
False
Is 23172270 a multiple of 71?
True
Is 604547245 a multiple of 4535?
True
Does 15 divide 209086000?
False
Is 69 a factor of 213597021?
True
Is 91568893 a multiple of 1333?
False
Is 779101509 a multiple of 147?
False
Is 1259854280 a multiple of 1685?
True
Is 6538 a factor of 1225521943?
False
Is 3994 a factor of 687279532?
True
Is 32334432 a multiple of 208?
True
Is 23791442 a multiple of 13?
False
Is 4259 a factor of 576962471?
True
Is 4 a factor of 54431258?
False
Is 55127020 a multiple of 130?
True
Does 364 divide 64707916?
True
Is 1011235708 a multiple of 7?
True
Is 30691355 a multiple of 506?
False
Is 23 a factor of 163677959?
True
Is 64 a factor of 34798784?
True
Is 59 a factor of 1357215397?
False
Is 64103008 a multiple of 41?
True
Is 8 a factor of 1750101913?
False
Does 4 divide 202409169?
False
Is 644693552 a multiple of 3394?
False
Is 91287249 a multiple of 400?
False
Is 216 a factor of 2141208?
True
Does 2474 divide 1170604865?
False
Does 224 divide 209757184?
True
Is 205113423 a multiple of 631?
False
Is 17 a factor of 68153187?
True
Is 1086 a factor of 3354887490?
True
Does 51 divide 380402212?
False
Is 340 a factor of 220066360?
True
Is 34282696 a multiple of 619?
True
Is 230882728 a multiple of 14?
False
Is 69324487 a multiple of 5?
False
Is 956625073 a multiple of 5218?
False
Is 6 a factor of 10989311?
False
Is 126408722 a multiple of 22?
True
Is 94067714 a multiple of 26?
True
Does 431 divide 9533922?
False
Is 1456331602 a multiple of 40?
False
Is 773752347 a multiple of 23?
False
Does 21 divide 83370851?
False
Is 270183321 a multiple of 1681?
False
Does 39 divide 12524162?
False
Is 93 a factor of 16399713?
True
Is 4779927506 a multiple of 779?
False
Is 28 a factor of 14993668?
False
Is 117073014 a multiple of 5?
False
Is 1771 a factor of 49744707?
False
Is 546 a multiple of 91?
True
Does 365 divide 501691405?
True
Is 163 a factor of 60250505?
True
Is 5076 a factor of 1090543387?
False
Is 42814876 a multiple of 156?
False
Is 31390161 a multiple of 33?
True
Is 4196700 a multiple of 175?
False
Is 19 a factor of 363858604?
False
Is 35 a factor of 821153360?
False
Is 224865970 a multiple of 811?
True
Is 970627909 a multiple of 859?
True
Is 40383057 a multiple of 31?
False
Is 13 a factor of 719251?
True
Is 11 a factor of 4725339563?
False
Does 501 divide 422351016?
True
Is 42 a factor of 558385686?
False
Is 11189 a factor of 6074184839?
False
Is 18 a factor of 141650928?
True
Does 32 divide 9718469?
False
Does 876 divide 640446228?
True
Is 422 a factor of 230705712?
True
Is 786582572 a multiple of 31?
False
Is 8 a factor of 282931200?
True
Does 190 divide 59052886?
False
Does 29 divide 8923552?
False
Is 1020 a factor of 2319169518?
False
Does 34 divide 2248382464?
True
Is 370826508 a multiple of 1742?
True
Does 276 divide 28515127?
False
Is 9 a factor of 15930571?
False
Does 77 divide 148222344?
False
Is 1734 a factor of 137050124?
False
Does 3263 divide 82942197?
True
Is 3691 a factor of 254059959?
False
Is 736103733 a multiple of 2261?
False
Is 26 a factor of 231253918?
False
Is 60152027 even?
False
Is 10 a factor of 249146670?
True
Is 1203113637 a multiple of 2302?
False
Is 356 a factor of 66352348?
True
Is 444810600 a multiple of 100?
True
Does 5 divide 42657173?
False
Is 86772180 a multiple of 66?
True
Is 70951574 a multiple of 410?
False
Is 1128718591 a multiple of 13?
True
Is 61 a factor of 92219663?
False
Is 14 a factor of 789792284?
False
Does 15 divide 87959385?
True
Is 4110986040 a multiple of 168?
True
Is 5035174155 a multiple of 261?
True
Does 131 divide 384153046?
True
Is 647 a factor of 48075538?
False
Is 89 a factor of 28885662?
True
Is 272 a factor of 188033977?
False
Is 34798801 a multiple of 38?
False
Does 4317 divide 917453435?
False
Is 65 a factor of 24527865?
False
Does 204 divide 318154116?
True
Does 4273 divide 739699675?
False
Does 890 divide 21229170?
True
Is 23756185 a multiple of 27?
False
Is 25300251 a multiple of 671?
False
Does 28 divide 83601431?
False
Does 565 divide 252180970?
True
Is 685 a factor of 16520830?
True
Is 684407189 a multiple of 25?
False
Is 2289278764 a multiple of 11194?
False
Is 82 a factor of 16938389?
False
Is 321050657 a multiple of 2248?
False
Is 39 a factor of 275493309?
True
Is 579 a factor of 115355907?
True
Is 312165586 a multiple of 3?
False
Is 70093559 a multiple of 2649?
False
Is 271164 a multiple of 1149?
True
Does 25 divide 5271600?
True
Is 437717068 a multiple of 3?
False
Is 13766112 a multiple of 226?
True
Does 7231 divide 375563762?
False
Is 3058 a factor of 144141888?
True
Is 86 a factor of 14865186?
True
Is 5 a factor of 2887694?
False
Is 26938845 a multiple of 279?
True
Does 310 divide 5694390?
True
Does 79 divide 469973607?
True
Is 217203651 a multiple of 21?
True
Is 231 a factor of 4656261?
False
Does 44 divide 188197196?
True
Is 11161442 a multiple of 175?
False
Does 691 divide 134592980?
True
Is 1219378956 a multiple of 2030?
False
Does 10 divide 3564318987?
False
Does 1103 divide 2436991363?
True
Does 60 divide 360158672?
False
Does 897 divide 61338583?
False
Is 541 a factor of 87638880?
False
Is 591770988 a multiple of 4644?
True
Does 1155 divide 192148632?
False
Is 51 a factor of 33333469?
False
Does 30 divide 314463591?
False
Is 38 a factor of 32202732?
False
Is 225 a factor of 389236018?
False
Is 670703767 a multiple of 127?
False
Is 1670830830 a multiple of 265?
True
Does 36 divide 178506962?
False
Is 9 a factor of 59339637?
True
Is 17 a factor of 162537816?
True
Is 643 a factor of 1803595710?
True
Is 46761394 a multiple of 1616?
False
Is 36 a factor of 2576344500?
True
Does 67 divide 3507852?
True
Is 12 a factor of 946358064?
True
Is 53919671 a multiple of 301?
False
Is 5 a factor of 10879600?
True
Is 4 a factor of 63505016?
True
Does 9 divide 73191276?
True
Is 4765507 a multiple of 13?
False
Does 5 divide 1404496?
False
Is 124979882 a multiple of 6?
False
Is 82716742 a multiple of 2?
True
Is 13211 a factor of 3925843979?
False
Does 116 divide 4929174?
False
Is 4325182 a multiple of 31?
True
Is 112910310 a multiple of 827?
True
Is 277924198 a multiple of 10?
False
Is 40755435 a multiple of 53?
False
Does 141 divide 29366070?
True
Is 856002744 a multiple of 1368?
True
Does 114 divide 269201471?
False
Is 111119292 a multiple of 3108?
False
Does 10447 divide 5592999943?
True
Is 8 a factor of 23727283?
False
Is 575673826 a multiple of 69?
False
Is 61 a factor of 1287917246?
False
Is 278172885 a multiple of 266?
False
Is 114018905 a multiple of 109?
True
Is 10133754 a multiple of 2412?
False
Is 323836815 a multiple of 5?
True
Is 18 a factor of 289382976?
True
Is 1142529846 a multiple of 6?
True
Does 5116 divide 133184828?
True
Does 977 divide 8419091?
False
Is 67 a factor of 16534512?
False
Does 156 divide 9656363?
False
Is 12773790 a multiple of 9?
True
Does 23 divide 74947836?
False
Is 166 a factor of 3806380?
True
Is 339056020 a multiple of 3750?
False
Does 3 divide 48608879?
False
Does 619 divide 661795184?
True
Is 2175293033 a multiple of 11?
False
Is 4090 a factor of 1348242687?
False
Is 5353 a factor of 437547454?
False
Is 1555 a factor of 65467055?
True
Does 16 divide 80812372?
False
Is 388208928 a multiple of 587?
True
Is 462095563 even?
False
Is 31 a factor of 4790467?
False
Does 111 divide 150361710?
True
Does 78 divide 